)/(t/(-2))). Suppose s*w - 270 = w. What are the prime factors of w?
3, 5
Suppose 8*s - 49356 = 2*s. Suppose s = 5*k - 3*m + 1913, -5*k = 5*m - 6305. Suppose -19*z + 17*z + k = 5*f, -4 = z. List the prime factors of f.
2, 127
Let o(k) = 23*k**3 + k**2 - 6*k + 5. Suppose -81*c = -76*c - 5. Let j be o(c). Let v = 52 - j. List the prime factors of v.
29
List the prime factors of ((-45)/(-6))/((-3)/180*-6).
3, 5
List the prime factors of 35516 - 10/(8 - 3).
2, 3, 1973
Suppose 3*v + 19*a = 17*a + 2, 3*v - 3*a = 12. What are the prime factors of v/2 + -1 + 47?
47
Let p = 11758 - 8065. List the prime factors of p.
3, 1231
List the prime factors of 0 + 12116 + (13 - 16).
12113
Let y = -493 - -771. What are the prime factors of y?
2, 139
Suppose 0 = 96*t - 1788 - 16356. List the prime factors of t.
3, 7
Let a be -1*(-5 + 8 + -1). What are the prime factors of (-25)/a*((-512)/(-5) + -6)?
5, 241
Let v(g) = 67*g**2 + 81*g + 130. What are the prime factors of v(10)?
2, 5, 191
Let w(x) = -x**2 - 153*x - 783. What are the prime factors of w(-121)?
3089
Suppose 2*x = -6*d + 7*d - 3, 4*d - 3*x - 17 = 0. Suppose -k + 5*u = -207, 10*k + d*u = 5*k + 1005. List the prime factors of k.
2, 101
Let d = 120 - 117. What are the prime factors of 777/6 + d*2/(-12)?
3, 43
Suppose -g = 2*b - 693, 0 = -4*g - 0*b - 3*b + 2757. What are the prime factors of g + -5 + (-1 - -3)*2?
2, 7
Let w = 236 + -244. List the prime factors of ((w - -14) + -33)/((-6)/148).
2, 3, 37
Suppose 4*l + 2*l + 238530 = 21*l. What are the prime factors of l?
2, 7951
Suppose -172*f + 117*f = -977405. List the prime factors of f.
13, 1367
Suppose 7*t - 22 = 6*t. Suppose 0 = g - 12 - t. What are the prime factors of (15 - g)*(-4)/2?
2, 19
Suppose -3*k - 18*k - 598860 = -39*k. List the prime factors of k.
2, 3, 5, 1109
Let k(x) = -2*x**3 - 16*x**2 + 62*x - 19. What are the prime factors of k(-18)?
5, 1069
Let r(p) = -124*p - 125. Let l be r(-26). Suppose -35*j - 19 = -l. List the prime factors of j.
2, 11
Suppose -789*l = -784*l - 175. Suppose l*x = 589 - 99. List the prime factors of x.
2, 7
Suppose 0*j + j + 546 = -4*d, -4*j - 2*d = 2142. Let p = 1117 - j. List the prime factors of p.
13, 127
Let h = -343 + 343. Suppose -3*i + 2*w + 1868 = 0, -i = -h*w - 2*w - 616. List the prime factors of i.
2, 313
Suppose h + 3*h - 732 = 0. Let f be -15 + (6 - 1) + 4. What are the prime factors of 2 + ((-6)/3)/(f/h)?
3, 7
Let a(x) = -48*x - 2. Let w be a(-2). Let g = 108 - w. List the prime factors of (-36)/(-63) - (-1336)/g.
2, 3
Suppose -60*w + 22 = -74*w + 64. What are the prime factors of w?
3
Let w(i) = 3*i**3 + 2*i**2 + 5*i - 3. What are the prime factors of w(2)?
3, 13
Suppose 0 = 587*h - 588*h + 3913. What are the prime factors of h?
7, 13, 43
Let n(d) = d**3 + 23*d**2 - 5*d - 39. Let j = -64 + 40. Let l be n(j). Let k = -288 - l. What are the prime factors of k?
3, 23
Suppose -2*f + 13 = -3*m, -5*f = -8*f + 4*m + 19. Suppose 3*g + 362 = p, 6*p - 3*p = f*g + 1086. What are the prime factors of p?
2, 181
List the prime factors of (243/(-54))/((-27)/15) - (-85093)/2.
3, 13, 1091
Suppose 4*w - 3 = 1. Suppose 0 = -12*v + 13*v - 5. Suppose -4*f + w + 7 = 3*r, -3*f + v*r = -35. List the prime factors of f.
5
Suppose -4*i - 2*u + 45562 + 10936 = 0, i = -u + 14122. List the prime factors of i.
3, 17, 277
What are the prime factors of 169884/(-264)*(-364)/6?
3, 7, 11, 13
Let t(x) = 87*x - 1307. List the prime factors of t(53).
2, 7, 59
Suppose 0 = 2*a - 4*y - 77512, -211*y = -2*a - 210*y + 77530. List the prime factors of a.
2, 2423
Suppose -4*j = -5*p - 39 + 3, -5*j + 4*p = -36. Suppose -915 = a - j*a. List the prime factors of a.
5, 61
What are the prime factors of (8870/6)/(2/21) + 255/(-170)?
11, 17, 83
Suppose 15*d - 11 = 4*d. List the prime factors of d/1*-4 - -1709.
5, 11, 31
Let f(u) = -u**3 + 14*u**2 - 6*u - 1. Let s(y) = 7*y - 1. Suppose 9*t - 16 = t. Let m be s(t). List the prime factors of f(m).
2, 3, 5
Let f be (0 - 7)*((0 - -5) + -4). Let w(k) = 176*k + 19. Let v be w(f). What are the prime factors of v/(-7) + ((-54)/(-21))/(-9)?
173
Let w = 5058 - 12386. List the prime factors of ((-30)/40)/(-2*(-4)/w).
3, 229
Let s = -367 - -370. Suppose 2*x = s*l + 678, -x + 5*x = -4*l + 1376. What are the prime factors of x?
2, 3, 19
Let y(p) = -2830*p + 378. What are the prime factors of y(-1)?
2, 401
Suppose -2*w = 2*g - 350, -g + 3*w - 165 = -2*g. Suppose -158*j = -162*j + g. Let v = j - -68. List the prime factors of v.
113
What are the prime factors of 1658*27/(-72)*-28?
3, 7, 829
Let z be -20*13/(-1) + -3. Let h be (0 + 2)*59/2. Suppose -z = -2*v - h. What are the prime factors of v?
3, 11
Suppose -4*y = -4*x - 260, 2*x = 2*y - 6*y - 118. Let f be x*(0 + (-4)/12). List the prime factors of -22*(1/2 - f/6).
2, 3, 11
Suppose 4*m + 4 + 4 = x, 4*x - 3*m - 45 = 0. Let d be (-2)/((5 + -1)/x). What are the prime factors of (-7)/(-14)*d - (-51)/1?
2, 3
Let c = -33 - -34. Let h be (c + (-18)/15)*-10. Suppose h*m - 213 = -m - 2*f, 4*m - 3*f - 301 = 0. List the prime factors of m.
73
Suppose 7 = 5*q - s + 29, 4*s = -12. Let w(v) = -83*v - 15. What are the prime factors of w(q)?
2, 5
Suppose 59723 = 8*d + 9011. List the prime factors of d.
3, 2113
Suppose 21 = 2*d + 3*x, 0 = 2*d - 2*x + 2 + 2. Suppose 4*t = 5*t - d*t. Suppose 3*m + 5*i - 134 = t, -5*m + 5*i + 167 = -m. What are the prime factors of m?
43
Let t = -46 + 46. Suppose -s + n = -n - 211, 3*s - n - 648 = t. What are the prime factors of s?
7, 31
Suppose -2*i + 119 = 3*i - g, 3*i + 4*g - 76 = 0. Let l = i - -1347. What are the prime factors of l?
3, 457
Let u(x) = -8*x - 134. Let m be u(-37). Let c = 84 - 165. Let b = c + m. List the prime factors of b.
3
Let v = -20 - -21. Suppose -v = 2*g - 9. Let h(o) = 9*o**2 + 16*o - 10. List the prime factors of h(g).
2, 3, 11
List the prime factors of 75058/6 - (-7 + 200/30).
2, 3, 5, 139
Suppose 0 = 67*k - 50*k - 5032. What are the prime factors of k?
2, 37
Suppose -19 - 17 = -4*w. Let a be -4 - (-1195)/9 - (-2)/w. Suppose -5*l + 4*s + 728 = 128, s = -l + a. What are the prime factors of l?
2, 31
List the prime factors of ((-80)/12*(-1)/(-2))/((-6)/16650).
2, 5, 37
List the prime factors of (-4)/10 + 576/240 - -5102.
2, 11, 29
Let k(o) = o**3 - o. Let c be k(1). Suppose d + v - 106 = 212, 5*d - 4*v - 1545 = c. List the prime factors of d.
313
Let p(c) = -5*c - 9. Suppose -3*x + 16 = 22. Let q be p(x). What are the prime factors of (q + (-108)/8)/((-1)/2)?
5
Let d(s) = 2*s - 71. Let u be d(38). Let k(w) = w**2 - 11*w - 9. Let a(j) = -5*j - 4. Let m(h) = -5*a(h) + 2*k(h). What are the prime factors of m(u)?
67
Let g = 92 + -87. Suppose -g*w + u + 4310 = 749, 2852 = 4*w - 4*u. What are the prime factors of w?
2, 89
Suppose 0 = -15*y + 10*y - 4*n + 32983, 2*n - 6593 = -y. List the prime factors of y.
6599
Let q = 6716 - 4360. List the prime factors of q.
2, 19, 31
Suppose 2*u = -4*v + 3662, -2*v - 4 = 3*u - 1837. What are the prime factors of v?
3, 5, 61
Suppose 5*v + 174 - 6578 = -4*g, 2*g = 5*v - 6428. Let o = v - 854. What are the prime factors of o?
2, 5, 43
Suppose -6 = 4*u - 2*s, 0 = 7*u - 2*u - s. Let b be u + (-10)/15*-6. Suppose 0 = -5*q - j + 427 + 235, -b*j + 538 = 4*q. List the prime factors of q.
2, 3, 11
Suppose 7*q + 4833 + 33303 = 49*q. What are the prime factors of q?
2, 227
Let l(k) = k**2 - k + 1. Let w be l(2). Let b(p) = -3 - 3*p + 5*p**3 - 9*p**w - 15*p**3 + 2*p**2 - p**3. List the prime factors of b(-2).
3, 19
Suppose -d = -3*d - 4*a + 14, 3*d = -a + 16. Suppose 4*v = 4*o - 1180 + 16, d*o + v = 1473. Suppose k + k = o. What are the prime factors of k?
3, 7
List the prime factors of (-468)/(-5)*-56*(-45)/72.
2, 3, 7, 13
Let c(t) = -82*t - 38. Let f(u) = 241*u + 113. Let m(g) = -8*c(g) - 3*f(g). What are the prime factors of m(-23)?
2, 3, 251
List the prime factors of 610218/66 - (-81)/297.
2, 3, 23, 67
Let l(n) = -n**2 - n + 97. Let k be 6/(-16) + 18/48. Let v be l(k). Suppose -v = 26*j - 27*j. What are the prime factors of j?
97
Let g be -15 + 5773 - (-6*1)/2. Suppose 9*q + 1450 = g. List the prime factors of q.
479
Let n be -5 + (3378*-1)/6. Let m = 870 + n. What are the prime factors of m?
2, 151
Let m(f) = 33*f + 6. Let c(y) = 14*y**2 + 2*y - 1. Let d be c(1). Let q be m(d). Let g = q - 319. Lis